{"id":44,"date":"2023-10-29T10:36:53","date_gmt":"2023-10-29T09:36:53","guid":{"rendered":"https:\/\/repuestosmanolo.com\/?page_id=44"},"modified":"2023-10-30T17:01:38","modified_gmt":"2023-10-30T16:01:38","slug":"nosotros","status":"publish","type":"page","link":"https:\/\/repuestosmanolo.com\/?page_id=44","title":{"rendered":"Nosotros"},"content":{"rendered":"\t\t<div data-elementor-type=\"wp-page\" data-elementor-id=\"44\" class=\"elementor elementor-44\" data-elementor-post-type=\"page\">\n\t\t\t\t<div class=\"elementor-element elementor-element-6c66894 e-con-full e-flex e-con e-parent\" data-id=\"6c66894\" data-element_type=\"container\" data-e-type=\"container\">\n\t\t<div class=\"elementor-element elementor-element-0f731d8 e-con-full e-flex e-con e-child\" data-id=\"0f731d8\" data-element_type=\"container\" data-e-type=\"container\" data-settings=\"{&quot;background_background&quot;:&quot;classic&quot;}\">\n\t\t\t\t<div class=\"elementor-element elementor-element-38c9060 elementor-widget elementor-widget-heading\" data-id=\"38c9060\" data-element_type=\"widget\" data-e-type=\"widget\" data-widget_type=\"heading.default\">\n\t\t\t\t<div class=\"elementor-widget-container\">\n\t\t\t\t\t<h2 class=\"elementor-heading-title elementor-size-default\">NOSOTROS<\/h2>\t\t\t\t<\/div>\n\t\t\t\t<\/div>\n\t\t\t\t<\/div>\n\t\t<div class=\"elementor-element elementor-element-636e112 e-flex e-con-boxed e-con e-child\" data-id=\"636e112\" data-element_type=\"container\" data-e-type=\"container\" data-settings=\"{&quot;background_background&quot;:&quot;classic&quot;}\">\n\t\t\t\t\t<div class=\"e-con-inner\">\n\t\t<div class=\"elementor-element elementor-element-f207bf9 e-con-full e-flex e-con e-child\" data-id=\"f207bf9\" data-element_type=\"container\" data-e-type=\"container\">\n\t\t\t\t<div class=\"elementor-element elementor-element-454a1b3 elementor-widget elementor-widget-image\" data-id=\"454a1b3\" data-element_type=\"widget\" data-e-type=\"widget\" data-widget_type=\"image.default\">\n\t\t\t\t<div class=\"elementor-widget-container\">\n\t\t\t\t\t\t\t\t\t\t\t\t\t\t\t<img fetchpriority=\"high\" decoding=\"async\" width=\"768\" height=\"941\" src=\"https:\/\/repuestosmanolo.com\/wp-content\/uploads\/2023\/10\/tractorJohnDEERE1-768x941.png\" class=\"attachment-medium_large size-medium_large wp-image-145\" alt=\"\" srcset=\"https:\/\/repuestosmanolo.com\/wp-content\/uploads\/2023\/10\/tractorJohnDEERE1-768x941.png 768w, https:\/\/repuestosmanolo.com\/wp-content\/uploads\/2023\/10\/tractorJohnDEERE1-245x300.png 245w, https:\/\/repuestosmanolo.com\/wp-content\/uploads\/2023\/10\/tractorJohnDEERE1-836x1024.png 836w, https:\/\/repuestosmanolo.com\/wp-content\/uploads\/2023\/10\/tractorJohnDEERE1.png 1154w\" sizes=\"(max-width: 768px) 100vw, 768px\" \/>\t\t\t\t\t\t\t\t\t\t\t\t\t\t\t<\/div>\n\t\t\t\t<\/div>\n\t\t\t\t<\/div>\n\t\t<div class=\"elementor-element elementor-element-a601a0a e-con-full e-flex e-con e-child\" data-id=\"a601a0a\" data-element_type=\"container\" data-e-type=\"container\">\n\t\t\t\t<div class=\"elementor-element elementor-element-d2d676b elementor-widget elementor-widget-heading\" data-id=\"d2d676b\" data-element_type=\"widget\" data-e-type=\"widget\" data-widget_type=\"heading.default\">\n\t\t\t\t<div class=\"elementor-widget-container\">\n\t\t\t\t\t<h3 class=\"elementor-heading-title elementor-size-large\">Nuestros comienzos<\/h3>\t\t\t\t<\/div>\n\t\t\t\t<\/div>\n\t\t\t\t<div class=\"elementor-element elementor-element-840622a elementor-widget elementor-widget-text-editor\" data-id=\"840622a\" data-element_type=\"widget\" data-e-type=\"widget\" data-widget_type=\"text-editor.default\">\n\t\t\t\t<div class=\"elementor-widget-container\">\n\t\t\t\t\t\t\t\t\t<p>Nuestra vinculaci\u00f3n con el mundo de la maquinaria agr\u00edcola es un hecho consolidado, 10 que nos proporciona una s\u00f3lida y dilatada experiencia.<\/p><p>\u00a0Comenzamos nuestra andadura profesional all\u00e1 por marzo de 1981, ya que anteriormente la persona que regenta, atiende y da servicio en Repuestos manolo como gerente y personal de a pie, como ya hiciese D. Eduardo Barreiros, habr\u00eda desarrollado sus laboras profesionales en la concesi\u00f3n JOHN DEERE, en Albacete, de junio del<br \/>a\u00f1o 1972 a febrero 1981.<\/p><p><br \/>Hasta el a\u00f1o 1987 afanamos nuestra lucha vocacional restringida a la actividad de venta de recambios para todas las marcas de tractores,<br \/>as\u00ed como cosechadoras y empacadoras. Bagaje que luego nos posibilitar\u00eda el alcance de metas ulteriores.<\/p>\t\t\t\t\t\t\t\t<\/div>\n\t\t\t\t<\/div>\n\t\t\t\t<\/div>\n\t\t\t\t\t<\/div>\n\t\t\t\t<\/div>\n\t\t<div class=\"elementor-element elementor-element-5f48b2a e-flex e-con-boxed e-con e-child\" data-id=\"5f48b2a\" data-element_type=\"container\" data-e-type=\"container\" data-settings=\"{&quot;background_background&quot;:&quot;classic&quot;}\">\n\t\t\t\t\t<div class=\"e-con-inner\">\n\t\t<div class=\"elementor-element elementor-element-5ee14bf e-con-full e-flex e-con e-child\" data-id=\"5ee14bf\" data-element_type=\"container\" data-e-type=\"container\">\n\t\t\t\t<div class=\"elementor-element elementor-element-e0a27fe elementor-widget elementor-widget-heading\" data-id=\"e0a27fe\" data-element_type=\"widget\" data-e-type=\"widget\" data-widget_type=\"heading.default\">\n\t\t\t\t<div class=\"elementor-widget-container\">\n\t\t\t\t\t<h3 class=\"elementor-heading-title elementor-size-default\">Nuestra Historia con MASSEY FERGUSON y CLAAS<\/h3>\t\t\t\t<\/div>\n\t\t\t\t<\/div>\n\t\t\t\t<div class=\"elementor-element elementor-element-55abffd elementor-widget elementor-widget-text-editor\" data-id=\"55abffd\" data-element_type=\"widget\" data-e-type=\"widget\" data-widget_type=\"text-editor.default\">\n\t\t\t\t<div class=\"elementor-widget-container\">\n\t\t\t\t\t\t\t\t\t<p>Desde el 87 al a\u00f1o 2005 ejercimos como concesionario de Massey Ferguson en Albacete. As\u00ed mismo, en la franja que media entre el a\u00f1o 1992 al 2013 acometimos el curso de la Servicio Oficial CLAAS, el de las m\u00e1quinas alemanas en Harsewinkel.<\/p><p>Esta actividad profesional se compagin\u00f3 paralelamente con la venta de recambios originales y alternativos de todas las marcas y modelos.<\/p>\t\t\t\t\t\t\t\t<\/div>\n\t\t\t\t<\/div>\n\t\t\t\t<\/div>\n\t\t<div class=\"elementor-element elementor-element-ecffbd8 e-con-full e-flex e-con e-child\" data-id=\"ecffbd8\" data-element_type=\"container\" data-e-type=\"container\">\n\t\t\t\t<div class=\"elementor-element elementor-element-4a61b1f elementor-widget elementor-widget-image\" data-id=\"4a61b1f\" data-element_type=\"widget\" data-e-type=\"widget\" data-widget_type=\"image.default\">\n\t\t\t\t<div class=\"elementor-widget-container\">\n\t\t\t\t\t\t\t\t\t\t\t\t\t\t\t<img decoding=\"async\" width=\"738\" height=\"502\" src=\"https:\/\/repuestosmanolo.com\/wp-content\/uploads\/2023\/10\/cosechadoraCLAAS1.png\" class=\"attachment-large size-large wp-image-130\" alt=\"\" srcset=\"https:\/\/repuestosmanolo.com\/wp-content\/uploads\/2023\/10\/cosechadoraCLAAS1.png 738w, https:\/\/repuestosmanolo.com\/wp-content\/uploads\/2023\/10\/cosechadoraCLAAS1-300x204.png 300w\" sizes=\"(max-width: 738px) 100vw, 738px\" \/>\t\t\t\t\t\t\t\t\t\t\t\t\t\t\t<\/div>\n\t\t\t\t<\/div>\n\t\t\t\t<\/div>\n\t\t\t\t\t<\/div>\n\t\t\t\t<\/div>\n\t\t<div class=\"elementor-element elementor-element-c5b42db e-flex e-con-boxed e-con e-child\" data-id=\"c5b42db\" data-element_type=\"container\" data-e-type=\"container\" data-settings=\"{&quot;background_background&quot;:&quot;classic&quot;}\">\n\t\t\t\t\t<div class=\"e-con-inner\">\n\t\t<div class=\"elementor-element elementor-element-414eb5e e-con-full e-flex e-con e-child\" data-id=\"414eb5e\" data-element_type=\"container\" data-e-type=\"container\">\n\t\t\t\t<div class=\"elementor-element elementor-element-621e75c elementor-widget elementor-widget-heading\" data-id=\"621e75c\" data-element_type=\"widget\" data-e-type=\"widget\" data-widget_type=\"heading.default\">\n\t\t\t\t<div class=\"elementor-widget-container\">\n\t\t\t\t\t<h3 class=\"elementor-heading-title elementor-size-default\">Desde 2014 hasta la actualidad<\/h3>\t\t\t\t<\/div>\n\t\t\t\t<\/div>\n\t\t\t\t<\/div>\n\t\t<div class=\"elementor-element elementor-element-57cc43e e-con-full e-flex e-con e-child\" data-id=\"57cc43e\" data-element_type=\"container\" data-e-type=\"container\">\n\t\t\t\t<div class=\"elementor-element elementor-element-cd7a922 elementor-widget elementor-widget-heading\" data-id=\"cd7a922\" data-element_type=\"widget\" data-e-type=\"widget\" data-widget_type=\"heading.default\">\n\t\t\t\t<div class=\"elementor-widget-container\">\n\t\t\t\t\t<h4 class=\"elementor-heading-title elementor-size-medium\">Nuevas orientaciones que compaginan lo aprendido anta\u00f1o con las inquietudes del hoy<\/h4>\t\t\t\t<\/div>\n\t\t\t\t<\/div>\n\t\t\t\t<div class=\"elementor-element elementor-element-c7f151c elementor-widget elementor-widget-text-editor\" data-id=\"c7f151c\" data-element_type=\"widget\" data-e-type=\"widget\" data-widget_type=\"text-editor.default\">\n\t\t\t\t<div class=\"elementor-widget-container\">\n\t\t\t\t\t\t\t\t\t<p>Adem\u00e1s de lo circunscrito a las ventas de recambio, tanto para tractores como para cosechadoras de importaci\u00f3n y continuamos con el recambio para todas las marcas.<\/p>\t\t\t\t\t\t\t\t<\/div>\n\t\t\t\t<\/div>\n\t\t\t\t<\/div>\n\t\t<div class=\"elementor-element elementor-element-cdf38ea e-con-full e-flex e-con e-child\" data-id=\"cdf38ea\" data-element_type=\"container\" data-e-type=\"container\">\n\t\t\t\t<div class=\"elementor-element elementor-element-0901166 elementor-widget elementor-widget-image\" data-id=\"0901166\" data-element_type=\"widget\" data-e-type=\"widget\" data-widget_type=\"image.default\">\n\t\t\t\t<div class=\"elementor-widget-container\">\n\t\t\t\t\t\t\t\t\t\t\t\t\t\t\t\t<a href=\"http:\/\/repuestosmanolo.com\/wp-content\/uploads\/2023\/10\/Axion-CLAAS-2.png\" data-elementor-open-lightbox=\"yes\" data-elementor-lightbox-title=\"Axion CLAAS 2\" data-e-action-hash=\"#elementor-action%3Aaction%3Dlightbox%26settings%3DeyJpZCI6MTE2LCJ1cmwiOiJodHRwczpcL1wvcmVwdWVzdG9zbWFub2xvLmNvbVwvd3AtY29udGVudFwvdXBsb2Fkc1wvMjAyM1wvMTBcL0F4aW9uLUNMQUFTLTIucG5nIn0%3D\">\n\t\t\t\t\t\t\t<img decoding=\"async\" src=\"https:\/\/repuestosmanolo.com\/wp-content\/uploads\/elementor\/thumbs\/Axion-CLAAS-2-qemef43hs7im4f6vbyntaugu5f8we7rp4xd4gzoq5s.png\" title=\"Axion CLAAS 2\" alt=\"Axion CLAAS 2\" loading=\"lazy\" \/>\t\t\t\t\t\t\t\t<\/a>\n\t\t\t\t\t\t\t\t\t\t\t\t\t\t\t<\/div>\n\t\t\t\t<\/div>\n\t\t\t\t<\/div>\n\t\t<div class=\"elementor-element elementor-element-0a6e68e e-con-full e-flex e-con e-child\" data-id=\"0a6e68e\" data-element_type=\"container\" data-e-type=\"container\">\n\t\t\t\t<div class=\"elementor-element elementor-element-3617411 elementor-widget elementor-widget-image\" data-id=\"3617411\" data-element_type=\"widget\" data-e-type=\"widget\" data-widget_type=\"image.default\">\n\t\t\t\t<div class=\"elementor-widget-container\">\n\t\t\t\t\t\t\t\t\t\t\t\t\t\t\t<img decoding=\"async\" src=\"https:\/\/repuestosmanolo.com\/wp-content\/uploads\/elementor\/thumbs\/tractorJohnDEERE1-qemeho7odz0pq7h2e2h93780d6mvcjxe5lapi3w580.png\" title=\"tractorJohnDEERE1\" alt=\"tractorJohnDEERE1\" loading=\"lazy\" \/>\t\t\t\t\t\t\t\t\t\t\t\t\t\t\t<\/div>\n\t\t\t\t<\/div>\n\t\t\t\t<\/div>\n\t\t<div class=\"elementor-element elementor-element-bd2a84f e-con-full e-flex e-con e-child\" data-id=\"bd2a84f\" data-element_type=\"container\" data-e-type=\"container\">\n\t\t\t\t<div class=\"elementor-element elementor-element-cfb5c8d elementor-widget elementor-widget-image\" data-id=\"cfb5c8d\" data-element_type=\"widget\" data-e-type=\"widget\" data-widget_type=\"image.default\">\n\t\t\t\t<div class=\"elementor-widget-container\">\n\t\t\t\t\t\t\t\t\t\t\t\t\t\t\t<img decoding=\"async\" src=\"https:\/\/repuestosmanolo.com\/wp-content\/uploads\/elementor\/thumbs\/CLAAS-axion-840-perfil-qemeflyfe27290gxfodq47ylfqsvggqljdrcl8y8vk.png\" title=\"CLAAS axion 840 perfil\" alt=\"CLAAS axion 840 perfil\" loading=\"lazy\" \/>\t\t\t\t\t\t\t\t\t\t\t\t\t\t\t<\/div>\n\t\t\t\t<\/div>\n\t\t\t\t<\/div>\n\t\t<div class=\"elementor-element elementor-element-66710c2 e-con-full e-flex e-con e-child\" data-id=\"66710c2\" data-element_type=\"container\" data-e-type=\"container\">\n\t\t\t\t<div class=\"elementor-element elementor-element-dea0656 elementor-widget elementor-widget-image\" data-id=\"dea0656\" data-element_type=\"widget\" data-e-type=\"widget\" data-widget_type=\"image.default\">\n\t\t\t\t<div class=\"elementor-widget-container\">\n\t\t\t\t\t\t\t\t\t\t\t\t\t\t\t\t<a href=\"http:\/\/repuestosmanolo.com\/wp-content\/uploads\/2023\/10\/7930tractor.png\" data-elementor-open-lightbox=\"yes\" data-elementor-lightbox-title=\"7930tractor\" data-e-action-hash=\"#elementor-action%3Aaction%3Dlightbox%26settings%3DeyJpZCI6MTE1LCJ1cmwiOiJodHRwczpcL1wvcmVwdWVzdG9zbWFub2xvLmNvbVwvd3AtY29udGVudFwvdXBsb2Fkc1wvMjAyM1wvMTBcLzc5MzB0cmFjdG9yLnBuZyJ9\">\n\t\t\t\t\t\t\t<img decoding=\"async\" src=\"https:\/\/repuestosmanolo.com\/wp-content\/uploads\/elementor\/thumbs\/7930tractor-qemef19z7per5laysffxld6gd9msr4gi4jeo15swog.png\" title=\"7930tractor\" alt=\"7930tractor\" loading=\"lazy\" \/>\t\t\t\t\t\t\t\t<\/a>\n\t\t\t\t\t\t\t\t\t\t\t\t\t\t\t<\/div>\n\t\t\t\t<\/div>\n\t\t\t\t<\/div>\n\t\t<div class=\"elementor-element elementor-element-6976ef0 e-con-full e-flex e-con e-child\" data-id=\"6976ef0\" data-element_type=\"container\" data-e-type=\"container\">\n\t\t\t\t<div class=\"elementor-element elementor-element-7fca482 elementor-widget elementor-widget-image\" data-id=\"7fca482\" data-element_type=\"widget\" data-e-type=\"widget\" data-widget_type=\"image.default\">\n\t\t\t\t<div class=\"elementor-widget-container\">\n\t\t\t\t\t\t\t\t\t\t\t\t\t\t\t\t<a href=\"http:\/\/repuestosmanolo.com\/wp-content\/uploads\/2023\/10\/Axion-frontal.png\" data-elementor-open-lightbox=\"yes\" data-elementor-lightbox-title=\"Axion-frontal\" data-e-action-hash=\"#elementor-action%3Aaction%3Dlightbox%26settings%3DeyJpZCI6MTE3LCJ1cmwiOiJodHRwczpcL1wvcmVwdWVzdG9zbWFub2xvLmNvbVwvd3AtY29udGVudFwvdXBsb2Fkc1wvMjAyM1wvMTBcL0F4aW9uLWZyb250YWwucG5nIn0%3D\">\n\t\t\t\t\t\t\t<img decoding=\"async\" src=\"https:\/\/repuestosmanolo.com\/wp-content\/uploads\/elementor\/thumbs\/Axion-frontal-qemefgbe91zcbcp4clxyp9dtvfko6a47ilufpl6lww.png\" title=\"Axion-frontal\" alt=\"Axion-frontal\" loading=\"lazy\" \/>\t\t\t\t\t\t\t\t<\/a>\n\t\t\t\t\t\t\t\t\t\t\t\t\t\t\t<\/div>\n\t\t\t\t<\/div>\n\t\t\t\t<\/div>\n\t\t<div class=\"elementor-element elementor-element-d3c24b9 e-con-full e-flex e-con e-child\" data-id=\"d3c24b9\" data-element_type=\"container\" data-e-type=\"container\">\n\t\t\t\t<div class=\"elementor-element elementor-element-eb8fd45 elementor-widget elementor-widget-image\" data-id=\"eb8fd45\" data-element_type=\"widget\" data-e-type=\"widget\" data-widget_type=\"image.default\">\n\t\t\t\t<div class=\"elementor-widget-container\">\n\t\t\t\t\t\t\t\t\t\t\t\t\t\t\t\t<a href=\"http:\/\/repuestosmanolo.com\/wp-content\/uploads\/2023\/10\/tractorCLAAS1.png\" data-elementor-open-lightbox=\"yes\" data-elementor-lightbox-title=\"tractorCLAAS1\" data-e-action-hash=\"#elementor-action%3Aaction%3Dlightbox%26settings%3DeyJpZCI6MTQzLCJ1cmwiOiJodHRwczpcL1wvcmVwdWVzdG9zbWFub2xvLmNvbVwvd3AtY29udGVudFwvdXBsb2Fkc1wvMjAyM1wvMTBcL3RyYWN0b3JDTEFBUzEucG5nIn0%3D\">\n\t\t\t\t\t\t\t<img decoding=\"async\" src=\"https:\/\/repuestosmanolo.com\/wp-content\/uploads\/elementor\/thumbs\/tractorCLAAS1-qemehcxm3yl9uvxg7xlq9a2h8k6gs6om41gvqscvao.png\" title=\"tractorCLAAS1\" alt=\"tractorCLAAS1\" loading=\"lazy\" \/>\t\t\t\t\t\t\t\t<\/a>\n\t\t\t\t\t\t\t\t\t\t\t\t\t\t\t<\/div>\n\t\t\t\t<\/div>\n\t\t\t\t<\/div>\n\t\t<div class=\"elementor-element elementor-element-954bae6 e-con-full e-flex e-con e-child\" data-id=\"954bae6\" data-element_type=\"container\" data-e-type=\"container\">\n\t\t\t\t<div class=\"elementor-element elementor-element-6f8d105 elementor-widget elementor-widget-image\" data-id=\"6f8d105\" data-element_type=\"widget\" data-e-type=\"widget\" data-widget_type=\"image.default\">\n\t\t\t\t<div class=\"elementor-widget-container\">\n\t\t\t\t\t\t\t\t\t\t\t\t\t\t\t\t<a href=\"http:\/\/repuestosmanolo.com\/wp-content\/uploads\/2023\/10\/IMG_3498-scaled-e1698678661436.jpg\" data-elementor-open-lightbox=\"yes\" data-elementor-lightbox-title=\"IMG_3498\" data-e-action-hash=\"#elementor-action%3Aaction%3Dlightbox%26settings%3DeyJpZCI6MjUyLCJ1cmwiOiJodHRwczpcL1wvcmVwdWVzdG9zbWFub2xvLmNvbVwvd3AtY29udGVudFwvdXBsb2Fkc1wvMjAyM1wvMTBcL0lNR18zNDk4LXNjYWxlZC1lMTY5ODY3ODY2MTQzNi5qcGcifQ%3D%3D\">\n\t\t\t\t\t\t\t<img decoding=\"async\" src=\"https:\/\/repuestosmanolo.com\/wp-content\/uploads\/elementor\/thumbs\/IMG_3498-scaled-e1698678661436-qemnl3bt0f8dwbvmhlivmks9l0tokzrf663jjyf9tc.jpg\" title=\"IMG_3498\" alt=\"IMG_3498\" loading=\"lazy\" \/>\t\t\t\t\t\t\t\t<\/a>\n\t\t\t\t\t\t\t\t\t\t\t\t\t\t\t<\/div>\n\t\t\t\t<\/div>\n\t\t\t\t<\/div>\n\t\t<div class=\"elementor-element elementor-element-c303499 e-con-full e-flex e-con e-child\" data-id=\"c303499\" data-element_type=\"container\" data-e-type=\"container\">\n\t\t\t\t<div class=\"elementor-element elementor-element-c67db97 elementor-widget elementor-widget-image\" data-id=\"c67db97\" data-element_type=\"widget\" data-e-type=\"widget\" data-widget_type=\"image.default\">\n\t\t\t\t<div class=\"elementor-widget-container\">\n\t\t\t\t\t\t\t\t\t\t\t\t\t\t\t\t<a href=\"http:\/\/repuestosmanolo.com\/wp-content\/uploads\/2023\/10\/IMG_3496-scaled.jpg\" data-elementor-open-lightbox=\"yes\" data-elementor-lightbox-title=\"IMG_3496\" data-e-action-hash=\"#elementor-action%3Aaction%3Dlightbox%26settings%3DeyJpZCI6MjUxLCJ1cmwiOiJodHRwczpcL1wvcmVwdWVzdG9zbWFub2xvLmNvbVwvd3AtY29udGVudFwvdXBsb2Fkc1wvMjAyM1wvMTBcL0lNR18zNDk2LXNjYWxlZC5qcGcifQ%3D%3D\">\n\t\t\t\t\t\t\t<img decoding=\"async\" src=\"https:\/\/repuestosmanolo.com\/wp-content\/uploads\/elementor\/thumbs\/IMG_3496-scaled-qemmgnbsy1v8ccmjnm5rua79f664du779zkf6ce3jk.jpg\" title=\"IMG_3496\" alt=\"IMG_3496\" loading=\"lazy\" \/>\t\t\t\t\t\t\t\t<\/a>\n\t\t\t\t\t\t\t\t\t\t\t\t\t\t\t<\/div>\n\t\t\t\t<\/div>\n\t\t\t\t<\/div>\n\t\t<div class=\"elementor-element elementor-element-c810081 e-con-full e-flex e-con e-child\" data-id=\"c810081\" data-element_type=\"container\" data-e-type=\"container\">\n\t\t\t\t<div class=\"elementor-element elementor-element-77a6717 elementor-widget elementor-widget-image\" data-id=\"77a6717\" data-element_type=\"widget\" data-e-type=\"widget\" data-widget_type=\"image.default\">\n\t\t\t\t<div class=\"elementor-widget-container\">\n\t\t\t\t\t\t\t\t\t\t\t\t\t\t\t\t<a href=\"http:\/\/repuestosmanolo.com\/wp-content\/uploads\/2023\/10\/IMG_3446-scaled.jpg\" data-elementor-open-lightbox=\"yes\" data-elementor-lightbox-title=\"IMG_3446\" data-e-action-hash=\"#elementor-action%3Aaction%3Dlightbox%26settings%3DeyJpZCI6MjQ4LCJ1cmwiOiJodHRwczpcL1wvcmVwdWVzdG9zbWFub2xvLmNvbVwvd3AtY29udGVudFwvdXBsb2Fkc1wvMjAyM1wvMTBcL0lNR18zNDQ2LXNjYWxlZC5qcGcifQ%3D%3D\">\n\t\t\t\t\t\t\t<img decoding=\"async\" src=\"https:\/\/repuestosmanolo.com\/wp-content\/uploads\/elementor\/thumbs\/IMG_3446-scaled-qemmgc1qo1fsh12xhha90d1qajpptgyf8fqlf0utm8.jpg\" title=\"IMG_3446\" alt=\"IMG_3446\" loading=\"lazy\" \/>\t\t\t\t\t\t\t\t<\/a>\n\t\t\t\t\t\t\t\t\t\t\t\t\t\t\t<\/div>\n\t\t\t\t<\/div>\n\t\t\t\t<\/div>\n\t\t<div class=\"elementor-element elementor-element-5ac381f e-con-full e-flex e-con e-child\" data-id=\"5ac381f\" data-element_type=\"container\" data-e-type=\"container\">\n\t\t\t\t<div class=\"elementor-element elementor-element-273e9ad elementor-widget elementor-widget-image\" data-id=\"273e9ad\" data-element_type=\"widget\" data-e-type=\"widget\" data-widget_type=\"image.default\">\n\t\t\t\t<div class=\"elementor-widget-container\">\n\t\t\t\t\t\t\t\t\t\t\t\t\t\t\t\t<a href=\"http:\/\/repuestosmanolo.com\/wp-content\/uploads\/2023\/10\/pieza-para-repuesto-para-motores.png\" data-elementor-open-lightbox=\"yes\" data-elementor-lightbox-title=\"pieza para repuesto para motores\" data-e-action-hash=\"#elementor-action%3Aaction%3Dlightbox%26settings%3DeyJpZCI6MTM4LCJ1cmwiOiJodHRwczpcL1wvcmVwdWVzdG9zbWFub2xvLmNvbVwvd3AtY29udGVudFwvdXBsb2Fkc1wvMjAyM1wvMTBcL3BpZXphLXBhcmEtcmVwdWVzdG8tcGFyYS1tb3RvcmVzLnBuZyJ9\">\n\t\t\t\t\t\t\t<img decoding=\"async\" src=\"https:\/\/repuestosmanolo.com\/wp-content\/uploads\/elementor\/thumbs\/pieza-para-repuesto-para-motores-qemeh0ppn44jnyf77abkuv5hijup04c3qczki6uzjk.png\" title=\"pieza para repuesto para motores\" alt=\"pieza para repuesto para motores\" loading=\"lazy\" \/>\t\t\t\t\t\t\t\t<\/a>\n\t\t\t\t\t\t\t\t\t\t\t\t\t\t\t<\/div>\n\t\t\t\t<\/div>\n\t\t\t\t<\/div>\n\t\t<div class=\"elementor-element elementor-element-a3fc6e9 e-con-full e-flex e-con e-child\" data-id=\"a3fc6e9\" data-element_type=\"container\" data-e-type=\"container\">\n\t\t\t\t<div class=\"elementor-element elementor-element-e454ab1 elementor-widget elementor-widget-image\" data-id=\"e454ab1\" data-element_type=\"widget\" data-e-type=\"widget\" data-widget_type=\"image.default\">\n\t\t\t\t<div class=\"elementor-widget-container\">\n\t\t\t\t\t\t\t\t\t\t\t\t\t\t\t\t<a href=\"http:\/\/repuestosmanolo.com\/wp-content\/uploads\/2023\/10\/orbitrol.png\" data-elementor-open-lightbox=\"yes\" data-elementor-lightbox-title=\"orbitrol\" data-e-action-hash=\"#elementor-action%3Aaction%3Dlightbox%26settings%3DeyJpZCI6MTM3LCJ1cmwiOiJodHRwczpcL1wvcmVwdWVzdG9zbWFub2xvLmNvbVwvd3AtY29udGVudFwvdXBsb2Fkc1wvMjAyM1wvMTBcL29yYml0cm9sLnBuZyJ9\">\n\t\t\t\t\t\t\t<img decoding=\"async\" src=\"https:\/\/repuestosmanolo.com\/wp-content\/uploads\/elementor\/thumbs\/orbitrol-qemegzrvga39ccgkcrwyade0x5zbsf8de8c30wwdps.png\" title=\"orbitrol\" alt=\"orbitrol\" loading=\"lazy\" \/>\t\t\t\t\t\t\t\t<\/a>\n\t\t\t\t\t\t\t\t\t\t\t\t\t\t\t<\/div>\n\t\t\t\t<\/div>\n\t\t\t\t<\/div>\n\t\t<div class=\"elementor-element elementor-element-767487f e-con-full e-flex e-con e-child\" data-id=\"767487f\" data-element_type=\"container\" data-e-type=\"container\">\n\t\t\t\t<div class=\"elementor-element elementor-element-cf3841a elementor-widget elementor-widget-image\" data-id=\"cf3841a\" data-element_type=\"widget\" data-e-type=\"widget\" data-widget_type=\"image.default\">\n\t\t\t\t<div class=\"elementor-widget-container\">\n\t\t\t\t\t\t\t\t\t\t\t\t\t\t\t\t<a href=\"http:\/\/repuestosmanolo.com\/wp-content\/uploads\/2023\/10\/Bomba-hidraulica.png\" data-elementor-open-lightbox=\"yes\" data-elementor-lightbox-title=\"Bomba hidr\u00e1ulica\" data-e-action-hash=\"#elementor-action%3Aaction%3Dlightbox%26settings%3DeyJpZCI6MTE4LCJ1cmwiOiJodHRwczpcL1wvcmVwdWVzdG9zbWFub2xvLmNvbVwvd3AtY29udGVudFwvdXBsb2Fkc1wvMjAyM1wvMTBcL0JvbWJhLWhpZHJhdWxpY2EucG5nIn0%3D\">\n\t\t\t\t\t\t\t<img decoding=\"async\" src=\"https:\/\/repuestosmanolo.com\/wp-content\/uploads\/elementor\/thumbs\/Bomba-hidraulica-qemefl0l785rxeial5z3jq74ucxi8rmv793v3yzn1s.png\" title=\"Bomba hidr\u00e1ulica\" alt=\"Bomba hidr\u00e1ulica\" loading=\"lazy\" \/>\t\t\t\t\t\t\t\t<\/a>\n\t\t\t\t\t\t\t\t\t\t\t\t\t\t\t<\/div>\n\t\t\t\t<\/div>\n\t\t\t\t<\/div>\n\t\t<div class=\"elementor-element elementor-element-dbcb20d e-con-full e-flex e-con e-child\" data-id=\"dbcb20d\" data-element_type=\"container\" data-e-type=\"container\">\n\t\t\t\t<div class=\"elementor-element elementor-element-2c8a3d1 elementor-widget elementor-widget-image\" data-id=\"2c8a3d1\" data-element_type=\"widget\" data-e-type=\"widget\" data-widget_type=\"image.default\">\n\t\t\t\t<div class=\"elementor-widget-container\">\n\t\t\t\t\t\t\t\t\t\t\t\t\t\t\t\t<a href=\"http:\/\/repuestosmanolo.com\/wp-content\/uploads\/2023\/10\/recambio-para-cajas-de-cambio-tractores.png\" data-elementor-open-lightbox=\"yes\" data-elementor-lightbox-title=\"recambio para cajas de cambio tractores\" data-e-action-hash=\"#elementor-action%3Aaction%3Dlightbox%26settings%3DeyJpZCI6MTM5LCJ1cmwiOiJodHRwczpcL1wvcmVwdWVzdG9zbWFub2xvLmNvbVwvd3AtY29udGVudFwvdXBsb2Fkc1wvMjAyM1wvMTBcL3JlY2FtYmlvLXBhcmEtY2FqYXMtZGUtY2FtYmlvLXRyYWN0b3Jlcy5wbmcifQ%3D%3D\">\n\t\t\t\t\t\t\t<img decoding=\"async\" src=\"https:\/\/repuestosmanolo.com\/wp-content\/uploads\/elementor\/thumbs\/recambio-para-cajas-de-cambio-tractores-qemeh1njty5tzkdu1sq7fcwy3xq27tfu2hn1zgtldc.png\" title=\"recambio para cajas de cambio tractores\" alt=\"recambio para cajas de cambio tractores\" loading=\"lazy\" \/>\t\t\t\t\t\t\t\t<\/a>\n\t\t\t\t\t\t\t\t\t\t\t\t\t\t\t<\/div>\n\t\t\t\t<\/div>\n\t\t\t\t<\/div>\n\t\t\t\t\t<\/div>\n\t\t\t\t<\/div>\n\t\t\t\t<\/div>\n\t\t\t\t<\/div>\n\t\t","protected":false},"excerpt":{"rendered":"<p>NOSOTROS Nuestros comienzos Nuestra vinculaci\u00f3n con el mundo de la maquinaria agr\u00edcola es un hecho consolidado, 10 que nos proporciona una s\u00f3lida y dilatada experiencia. \u00a0Comenzamos nuestra andadura profesional all\u00e1 por marzo de 1981, ya que anteriormente la persona que regenta, atiende y da servicio en Repuestos manolo como gerente y personal de a pie, [&hellip;]<\/p>\n","protected":false},"author":2,"featured_media":0,"parent":0,"menu_order":2,"comment_status":"closed","ping_status":"closed","template":"elementor_header_footer","meta":{"footnotes":""},"class_list":["post-44","page","type-page","status-publish","hentry"],"_links":{"self":[{"href":"https:\/\/repuestosmanolo.com\/index.php?rest_route=\/wp\/v2\/pages\/44","targetHints":{"allow":["GET"]}}],"collection":[{"href":"https:\/\/repuestosmanolo.com\/index.php?rest_route=\/wp\/v2\/pages"}],"about":[{"href":"https:\/\/repuestosmanolo.com\/index.php?rest_route=\/wp\/v2\/types\/page"}],"author":[{"embeddable":true,"href":"https:\/\/repuestosmanolo.com\/index.php?rest_route=\/wp\/v2\/users\/2"}],"replies":[{"embeddable":true,"href":"https:\/\/repuestosmanolo.com\/index.php?rest_route=%2Fwp%2Fv2%2Fcomments&post=44"}],"version-history":[{"count":31,"href":"https:\/\/repuestosmanolo.com\/index.php?rest_route=\/wp\/v2\/pages\/44\/revisions"}],"predecessor-version":[{"id":322,"href":"https:\/\/repuestosmanolo.com\/index.php?rest_route=\/wp\/v2\/pages\/44\/revisions\/322"}],"wp:attachment":[{"href":"https:\/\/repuestosmanolo.com\/index.php?rest_route=%2Fwp%2Fv2%2Fmedia&parent=44"}],"curies":[{"name":"wp","href":"https:\/\/api.w.org\/{rel}","templated":true}]}}